c) be the third derivative of -c**7/5040 - c**6/72 + 7*c**5/60 + 13*c**4/24 - 223*c**2. Let h(p) be the third derivative of k(p). Determine h(-10).
0
Let b be -20*5/(75/(-6)). Let z(i) be the second derivative of i**3/6 - 7*i**2 + 3*i - 5621. Give z(b).
-6
Let y(t) = t**3 - 12*t**2 + 15*t - 9. Let h be 5/(-12 + 1694/140 - (-2)/5). Calculate y(h).
-59
Let g(k) be the third derivative of -k**5/60 - 2*k**3/3 + k**2. Let f = 513 - 516. Let a(h) = -8*h - 24. Let c be a(f). Determine g(c).
-4
Let q(b) be the third derivative of -b**5/60 - 3*b**4/8 + 16*b**3/3 + 6*b**2 + 438*b. Determine q(-11).
10
Let z be 94/14 - 50/(-175). Let g(p) = p**2 - 6*p - 5. Let h be g(z). Let q(v) = -39 + h*v + 39. Give q(-4).
-8
Let c = -298 - -308. Let d(s) = -9*s - 3. Let p be d(-2). Suppose p = k + c. Let u(w) = -w**2 + 6*w. Calculate u(k).
5
Let j(k) = 4*k**2 + 3*k - 3. Let m(p) = 12*p + 53*p**2 - 54*p**2 - 39*p + 55. Let d be m(-29). Determine j(d).
24
Let a(v) = 3*v**2 + v - 3. Let z(j) = -2*j**3 - 12*j**2 + 28*j - 8. Let c be z(-8). Let n be 8*8/8 - c/4. Determine a(n).
11
Let b = -110 - -116. Let l(p) = -p**2 + 10 + 8*p - b*p + 6*p - 16. Suppose 30 = f + 4*f. Determine l(f).
6
Let i = -88 + 190. Suppose -3*d - 97 = -2*d. Let y = d + i. Let s(u) = u**3 - 4*u**2 - 6*u - 6. Calculate s(y).
-11
Let s(f) = 33 - 2 - f + 28 + f**3 - 54 + 5*f**2. Suppose 0 = 2*d - 7 + 19. Give s(d).
-25
Let o be (-164)/(-6) + 24/36. Suppose -27*j + o*j + 146 = 0. Let n = 149 + j. Let l(v) = v - 4. Give l(n).
-1
Let a(z) be the first derivative of 3*z**2/2 + 3*z + 2. Let i = -785 + 783. Let m(y) = y. Let x(d) = i*m(d) + a(d). Give x(-6).
-3
Let l(n) = 9*n**2 - 71*n. Let q(i) = i**2 - 9*i. Let u(f) = 2*l(f) - 17*q(f). Give u(-7).
-28
Let p(n) = -5*n**2 - n - 1. Suppose -8*z + 4*z = -60. Suppose -11*o = -z*o - 4. Give p(o).
-5
Let d(h) be the first derivative of h**3/3 - 3*h**2 - 1. Let x(c) = -c**2 + c + 6. Let y be ((-2 - -2)*-1)/(2/(-2)). Let i be x(y). Give d(i).
0
Let l(d) = d**2 - 8*d - 13. Let f be 15040/(-90) - 1/(-9). Let s = -158 - f. Calculate l(s).
-4
Let h = -12327 + 12354. Let d(t) = 28*t - 761. Determine d(h).
-5
Let b = 224 - 218. Let k(y) = -y**3 + 2*y**2 + y + 8. Let w be k(3). Let d(a) = -a - 3 + 0*a + w*a - 1. Calculate d(b).
2
Let f(n) = -1 + 120*n**2 + 4*n - 45*n**2 - 37*n**2 - 39*n**2 + n. Suppose 0 = -4*y + 5*p + 21, -4*y = -5*y - 3*p + 1. Determine f(y).
3
Let d(p) = 2*p**2 + 15*p - 5. Let m(b) = 11*b - b**3 + 4 - 1021*b**2 + 2051*b**2 - 1019*b**2. Let t be m(12). What is d(t)?
3
Let l = -1334 - -1338. Let r(d) be the second derivative of -14*d + 5/12*d**l + 0*d**2 + 1/20*d**5 + 0 + 1/6*d**3. Determine r(-4).
12
Let g(m) = m - 5. Let x be (2 + (-28)/12)*3. Let r be (-1 + 136/(-4))*x + 0. Suppose 4*l - 5 = -2*q + 5*l, 3*q + 4*l - r = 0. Determine g(q).
0
Let i(a) = -a + 9. Let f(j) = -10*j - 4. Let b(x) = 9*x + 9. Let h be b(-2). Let z be f(h). Let l = z - 80. What is i(l)?
3
Let y(h) = 31*h + 2. Let n be y(1). Suppose 2*f - n = 7*f + 2*g, 3*f + 27 = -3*g. Let a(z) = 13*z + 7*z + z**2 - 16*z + 2. Give a(f).
7
Let r(q) be the first derivative of -6*q + 134 - 1/2*q**2. What is r(-3)?
-3
Suppose -3*c = -13*j + 14*j + 3, -5*c - 15 = 0. Let i be (4*-1)/((-5)/20). Let s(h) = i*h + j*h + 1 - 4*h + h. What is s(1)?
20
Let q(u) = -u - 2*u**2 - 1 - 1 + 4 + 7*u. Let p(s) = 687*s + 4128. Let x be p(-6). Give q(x).
-34
Let w(l) = -9076 + 0*l + 9*l + 9106 + 2*l - 2*l. What is w(6)?
84
Let n(k) = -9*k + 1. Let j(b) = b**3 - 31*b**2 + 30*b + 2. Let y be j(30). Suppose -y*q + f = 1, 5*q - f = -6 - 1. What is n(q)?
19
Let s be -75 - -79 - 9/(-3). Let p(v) = 13*v**2 - 92*v. Calculate p(s).
-7
Let p(j) = 2*j + 5. Suppose 0 = -2*v + 2*z + 16, -1 = -2*v - z - 0. Let o(a) = 29*a - 656. Let y be o(23). Suppose -4*x = d + x - 1, -v*x + y = -2*d. Give p(d).
-3
Let b(p) be the third derivative of -p**4/6 - 7*p**3 - 4*p**2 - p - 503. What is b(-11)?
2
Let h(g) be the third derivative of -g**6/120 + 7*g**5/60 - 5*g**4/24 + 4*g**3/3 - 2*g**2 + 10*g + 341. Let l be 0 + 2 + -3 + 7. Give h(l).
14
Let o(g) = -2*g**3 - 7*g**2 - 12*g - 2. Let x(k) = k**3 + 10*k**2 + 27*k + 19. Let r be x(-2). What is o(r)?
25
Let y(s) = s**3 - 7*s**2 + 2*s + 3. Let t be ((-104)/20 + 4)*(-15)/(-2). Let b(n) = -n**3 - 10*n**2 - 12*n - 21. Let k be b(t). Give y(k).
-21
Let x(m) = 8*m**3 + 17*m**2 - 6*m + 9. Let c(r) = -12*r**3 - 16*r**2 + 7*r - 8. Let d(u) = 3*c(u) + 4*x(u). Calculate d(5).
-3
Let h be 11*(-7 - (-498)/66). Let p = -2 - -5. Let b(r) = -3*r + p*r - h - r. What is b(-5)?
-1
Let n be (18/(-54))/((-14)/21 - -1). Let l(p) = -67*p - 3. What is l(n)?
64
Let s(m) = -m - 103. Let q(o) = -2*o - 93. Let x(n) = q(n) - s(n). What is x(-9)?
19
Let v be (-1 + 13/4)*(-22 + 26). Suppose v*d - 10*d + 8 = 0. Let q(h) = h**3 - 8*h**2 - 6. Determine q(d).
-6
Let m(h) = 6*h**3 + 5*h + 6. Let w be 2*(1/(-4))/(43/86). Determine m(w).
-5
Let d(w) = 52*w - 61. Let t(y) = 26*y - 74. Let g(s) = 3*d(s) - 5*t(s). Calculate g(-7).
5
Let z(b) = 8*b**2 + 60*b + 11. Let r(o) = -16*o**2 - 121*o - 23. Let u(x) = 4*r(x) + 9*z(x). Calculate u(-7).
7
Let y(d) be the second derivative of -2/3*d**3 - 3/2*d**2 + 0 - 254*d. Calculate y(5).
-23
Let h(i) = -4*i + 41. Let o = -6254 + 6263. Calculate h(o).
5
Suppose -3*z = -9*z - 6. Let s(b) = -11*b**3 - 2*b**2 - b + 1. Let p be s(z). Let i(n) = 2 + 2*n**2 + p*n - 4*n + 2. What is i(-4)?
8
Let f(l) = -10*l**3 - 6*l**2 + 9*l - 14. Let x(w) = -17*w**3 - 8*w**2 + 8*w - 15. Let t(i) = -3*f(i) + 2*x(i). What is t(1)?
-1
Let v be -11*(6 + -5)*-1. Let h(l) = l + 11 + 27 - 50. Calculate h(v).
-1
Let z be (-45)/((-180)/(-8)) + (-2)/(-2). Let p(f) = 76*f + 66. Give p(z).
-10
Let q(s) = -s**2 - 34*s - 13. Let v = -29973 + 29941. Determine q(v).
51
Let l be -3 + 14/((24/1)/12). Let h(r) be the first derivative of -r**3/3 + 5*r**2/2 - 2*r - 1. Let g(d) be the first derivative of h(d). What is g(l)?
-3
Let q(x) = -378*x + 21 + 129 + 38 + 385*x. Give q(-25).
13
Let p(o) be the first derivative of -o**4/4 - o**3 + 2*o**2 + o + 15. Suppose -2*a = -6*v + v + 28, -5*a - 32 = -3*v. Calculate p(a).
1
Let o(v) = v + 9. Let k be 1572/(-144) - (-1 - (-39)/36). Determine o(k).
-2
Suppose 0*c - 4 = -c, 4*v - 2*c + 8 = 0. Let g(q) = -4*q**2 - 12*q**2 + 2*q**2 - 13 + 15*q**2. Calculate g(v).
-13
Let r(x) = -4 + 0*x + 0 - 4*x + 7*x**2 - x**3. Let a(w) = -715*w - 17156. Let b be a(-24). Calculate r(b).
28
Let b(d) = -17*d**2 - d + 1. Let r(x) = 10*x + 291. Suppose 3*m = 3, -4*l + 0*m - 112 = 4*m. Let v be r(l). Calculate b(v).
-17
Let h(b) = b**3 + 47*b**2 - 375*b + 150. Let p be h(-54). Let k(v) = -v**2 - 3*v - 20. Determine k(p).
-128
Let x be (2 + 44/(-8))*-2. Let g(b) be the first derivative of -b**2 + 10*b - 248. Calculate g(x).
-4
Let n be (1/(-15))/((-144)/3240) + (-18)/(-4). Let y(j) = j**3 - 3*j**2 + 10*j. Let x(a) = a**3 - 2*a**2 + 11*a - 1. Let t(i) = 4*x(i) - 5*y(i). Calculate t(n).
-4
Let m(t) be the first derivative of -t**4/4 - 29*t**3/3 - 17*t**2 - 161*t + 584. What is m(-28)?
7
Let l(j) = -4*j**2 - 5. Let v(b) = -9*b**2 - 11*b - 16. Let r(y) = -2*l(y) + v(y). Give r(-11).
-6
Let r(p) = 14*p**2 - 47*p + 15. Let g(i) = 5*i**2 - 16*i + 5. Let s(y) = -17*g(y) + 6*r(y). Let j = 6 + -34. Let d = 18 + j. What is s(d)?
5
Let n(c) = c**3 - 8*c**2 - 57*c + 449. Let x be n(7). Let v(u) = 62*u**2 + 6*u - 5. What is v(x)?
63
Let w be (-1)/4 - (7/(-28) + 0). Let n(o) = 77 + w*o**2 + 6*o - o**2 - 81. Determine n(5).
1
Let a = 6 + 8. Let q(i) = 3*i - 138. Let h(s) = 2*s - 97. Let t(x) = 7*h(x) - 5*q(x). Give t(a).
-3
Let m(c) = 2*c**2 + 2*c + 3. Let q = -114 + 112. Let r be -4 + q + (5 - 3) + 2. Give m(r).
7
Let m(n) = n + 10*n**2 + 18*n**2 - 10*n**2. Suppose 115 + 100 = 43*u. Suppose 4*o - 4*r = 0, u*o + 2*r + 11 = 4. Determine m(o).
17
Let j(o) = -o - 5. Let f(x) = x**3 - 28*x**2 - 31*x + 61. Let r be f(29). Let y(q) = 2*q + 5. Let a(m) = r*j(m) + 2*y(m). Determine a(-6).
-11
Let s(c) = -c**2 - 6*c + 2. Suppose 14*g - 529 = 885. Let x = g - 107. Calculate s(x).
2
Let n(l) = 2*l**3 - 42*l**2 - 47*l + 45. Let i be n(22). Let w(s) = -s**2 - 21*s + 1. What is w(i)?
1
Let z(n) be the second derivative of 2*n**2 - n**3 + 1/12*n**4 + 0 + 18*n. Let p(a) be the first derivative of z(a). Calculate p(6).
6
Let i(f) = 4*f**2 + 7*f - 13